
Let m = 518 - -1008. What is the highest common divisor of 42 and m?
14
Let k be (8/(-5))/((-4)/200). Suppose -2*u - 4*h + 150 = h, -5*h = u - k. Let p be u/(-3)*(-13 - -10). Calculate the greatest common divisor of 20 and p.
10
Let w(t) = 11*t**2 + 27*t + 132. Let b be w(-5). Calculate the greatest common divisor of b and 160.
16
Let z(g) = g**3 + 18*g**2 - 14*g - 218. Let y be z(-18). Calculate the highest common divisor of y and 3706.
34
Let h(m) = 1274*m**3 - 3*m**2 + 5*m. Let l be h(1). What is the highest common factor of l and 264?
44
Let i = -110 - -252. Let v = i + -76. Let x be (0 + v)/(-2 + 4). Calculate the greatest common factor of x and 297.
33
Let f(y) = 515*y - 2427. Let t be f(24). Calculate the greatest common factor of t and 1617.
231
Let i = -640 - -946. Suppose -y - 876 = -20*y - 230. What is the greatest common factor of i and y?
34
Suppose f + 5*h = 65, -33*f + 224 = -29*f + 2*h. What is the greatest common divisor of f and 165?
55
Let u = 21008 - 14341. What is the greatest common factor of u and 236?
59
Let t(u) = 37*u**2 - 240*u + 2010. Let g be t(9). What is the greatest common divisor of g and 1014?
39
Let g = -14 - -50. Suppose 8*r - 2*r = g. What is the highest common factor of r and 6?
6
Let c be (-481)/(-3) - (-12)/(-36). Let v be (-25)/(-10)*c/25. What is the highest common divisor of v and 176?
16
Suppose 16*y - 10 - 38 = 0. Suppose 699 = 11*b - 9*b - y*v, 0 = 5*v + 25. Calculate the greatest common factor of b and 18.
18
Suppose 0 = 5*k + 8 - 23. Suppose -g + 352 = k*g. Let n be ((-2)/(-4))/((-4 - -7) + 2080/(-704)). What is the greatest common factor of g and n?
11
Suppose 0 = -5*a + v + 805, a - 257 = -2*v - 107. Let p = a - 68. Calculate the greatest common factor of p and 322.
46
Suppose 30*x + 7*x - 56636 = 32608. What is the highest common factor of x and 72?
36
Let y(n) = n**3 + 3*n**3 - 4*n - 9 - 6*n**2 - 3*n**3 - 2*n. Let g be y(9). Suppose -15*q = -0*q - g. Calculate the highest common divisor of 4 and q.
4
Let k(u) = 35*u + 53. Let a be k(9). Calculate the highest common divisor of 176 and a.
16
Let k be 8148/(-63)*3/(-2). Calculate the greatest common divisor of k and 2.
2
Suppose -711*b + 1528*b + 2031*b - 74048 = 0. Let v = 436 + -241. What is the highest common factor of b and v?
13
Suppose 2*p - 80 = -p + 4*v, -3*p + v + 92 = 0. Suppose 16*x + 1656 = 24*x. Let k be 11 + x + (-1 - -7). Calculate the greatest common factor of k and p.
32
Let j = -273 - -483. Suppose -61*t = -60*t - j. Calculate the highest common divisor of t and 60.
30
Let c be -1 + (-40)/(-24) + (-10718)/(-69). What is the greatest common factor of 2904 and c?
12
Let d be ((-2)/(-6))/((-4)/(-1632)*4). Suppose -d = -13*z - 8. Calculate the greatest common factor of z and 39.
1
Let w(x) = -285*x + 625. Let i be w(-61). What is the greatest common factor of 10 and i?
10
Let i be (0 - -3)*(230/(-30) - -3). Let u be 1*5 - 154/i. What is the greatest common divisor of u and 208?
16
Suppose 0*k + 4*k = -4*w + 268, 3*k - 2*w - 191 = 0. Suppose -4*q - 172 = -204, 2*q - 96 = -4*f. What is the greatest common divisor of k and f?
5
Suppose -46*h + 3220 = -966. What is the greatest common factor of h and 7553?
91
Let j(h) = -h**2 - 6. Let p be j(5). Let d = p + 51. Let z be 0 + 29/(435/120). What is the highest common divisor of z and d?
4
Let f be 12/(-8) + 126/4. Suppose 0 = -5*g - 20 - f. Let n be 42/10 + (12/g - -1). Calculate the highest common divisor of n and 32.
4
Let u(n) = 9*n - 20. Let r be u(3). Suppose -9*a + 16 = r*a. What is the highest common divisor of 7 and a?
1
Let v be ((2580/21)/1)/((-22)/(-77)). Let c = v - 331. Calculate the highest common divisor of c and 27.
9
Let c(z) = z**3 + 11*z**2 - 2*z - 9. Let g be c(-11). Let t = -40 + 66. Suppose 8*l = 9*l - t. What is the greatest common divisor of l and g?
13
Let i = -47 - -62. Suppose 14331 = 118*q - 157359. Calculate the greatest common factor of q and i.
15
Suppose 26 = 2*n - 140. Let h be -2*(-2)/(-4)*(62 - n). Let i = 25 + -18. Calculate the greatest common factor of i and h.
7
Suppose -3*b - 364 = b. Let p = b - 63. Let u = p + 218. Calculate the highest common divisor of 16 and u.
16
Let s(o) = -o**3 + 15*o**2 + 15*o + 19. Let p be s(16). Suppose -p*i = -4*w - 28, 28 = i + 4*w + 8. Calculate the greatest common divisor of i and 48.
12
Let m = -126 - -126. Let p be (m + 1 - -10) + -1. What is the greatest common factor of 40 and p?
10
Let g be 2/(-3)*(0 + (-90)/12). Suppose -2*r + 134 = o, g*o - 5*r - 589 - 21 = 0. Calculate the greatest common factor of 189 and o.
63
Let o(u) = u**2 - 36*u - 219. Let m be o(-8). Calculate the greatest common factor of 323 and m.
19
Let b(p) = p**3 + 41*p**2 - 414*p - 90. Let t be b(-43). What is the greatest common divisor of 66 and t?
22
Let d(s) = 31*s + 258. Let m be d(-4). Calculate the highest common factor of 10 and m.
2
Suppose -41 = -2*g + 19. Let z = 290 + -295. Let i be (z - (-63)/18)*80/(-6). Calculate the highest common divisor of i and g.
10
Let y be 12*-1*6/(-9). Suppose y*m = 4975 + 2233. What is the highest common divisor of 17 and m?
17
Let a be (56/21)/(2/9). Suppose 0 = 3*p - 11 + 2. Suppose a*h - 2016 = p*h. What is the greatest common divisor of 28 and h?
28
Let j(r) = -2*r**2 + 63*r - 481. Let i be j(16). Suppose 4*o = -3*h + 2*h + 24, 3*h = 3*o - 18. What is the highest common factor of o and i?
3
Let b = 424 + -387. Suppose 4*n - 160 = 44. Let z = n - b. What is the highest common divisor of z and 98?
14
Let d = 9623 + -8091. What is the greatest common divisor of 8 and d?
4
Suppose 2*s + 23 = 149. Let v = -19 - -19. Suppose v*t + 10 = t - 3*c, 2*c = -4*t + 26. What is the highest common factor of s and t?
7
Suppose -o - 2142 = -3*l, -10*l + 6*l - 2*o = -2866. What is the greatest common factor of 165 and l?
55
Let o(c) be the first derivative of -7*c**2/2 + 113*c + 117. Let z be o(13). What is the highest common factor of 55 and z?
11
Let p(f) = 3*f**3 - 3*f**2 - 37*f + 73. Let q be p(6). Calculate the greatest common factor of 119 and q.
17
Let q(o) = 213*o - 9459. Let n be q(45). Let r be (-2203)/(-7) + 4/14. Calculate the greatest common divisor of n and r.
63
Suppose 91*g - 11545 - 154530 = 0. Calculate the greatest common factor of g and 250.
25
Suppose 3*n = -x + 72, -1230*x - 3*n = -1235*x + 504. What is the greatest common factor of x and 1888?
32
Suppose -6*d + 2*d + 85 = 5*p, -p + 3*d = -17. Let f be 18 - 221*30/390. Calculate the highest common divisor of p and f.
1
Let u be (3 - 1 - (1 + -4))/1. Suppose -n - 24 = 4*f, f + u*n + 4 = -2. Let g be -3*f/(-99) - 268/(-22). Calculate the highest common factor of g and 4.
4
Let a be (-2)/7 - (-6060)/42. Let w(c) = 18*c**3 - c**2 - 27*c + 28. Let j be w(1). What is the highest common factor of j and a?
18
Suppose 0*r + 330 = -5*r. Let d(b) = 11*b - 3. Let i be d(-4). Let a = i - r. What is the highest common divisor of a and 95?
19
Let u = 6009 + 93. What is the greatest common divisor of 113 and u?
113
Let i be 544/(-17)*138/8 + -4. Let w = i - -1049. Calculate the greatest common factor of 17 and w.
17
Let c(m) = m**3 - 7*m**2 + 10*m. Let o be c(5). Suppose o = -21*z + 12*z + 540. Calculate the greatest common factor of 5 and z.
5
Suppose -8 - 170 = -89*w. Suppose -25 - 111 = -4*p. Suppose -2*b - 2*j = -p, 2*b - j - 74 = -25. Calculate the highest common factor of b and w.
2
Let u = -4649 + 7186. What is the highest common divisor of u and 177?
59
Let w be ((-6)/28)/(150/100) - (-827)/7. Calculate the greatest common divisor of 4130 and w.
118
Let r(b) = -218*b + 12030. Let i be r(55). Let z be 17 - 0 - 2/2. Calculate the greatest common factor of z and i.
8
Let z(n) = 18*n**3 + 3*n**3 - 4*n - 9*n**2 - 7 + 12*n**2. Let t be z(4). Let p = t - 951. What is the greatest common divisor of p and 38?
38
Let i be (-31577)/(-70) + 323/(-380) + 3/4. What is the highest common divisor of i and 738?
41
Let u be 46332/4158*(-217)/(-2). Calculate the greatest common factor of u and 62.
31
Suppose -113*w - 39*w + 406971 = 129419. Calculate the highest common divisor of w and 198.
22
Let o(r) = -75*r**2 + 7*r - 9. Let s be o(4). Let w = s + -259. Let h be (w/(-54))/((-1)/(-12)). What is the greatest common factor of 32 and h?
32
Suppose 57*s = 65*s + 2256. Le